 = c**2 + 3247*c + 375211. Give w(-120).
-29
Let q(s) = -328*s**2 - 3396*s + 2313. Determine q(-11).
-19
Let y(x) = -x**3 + 29*x**2 - 186*x + 38. Give y(13).
324
Let y(q) = 507*q**3 - 6*q**2 - 24*q + 32. What is y(2)?
4016
Let d(x) = -1164*x + 23641. Calculate d(20).
361
Let s(z) = 48*z**2 + 79*z - 15. Calculate s(-2).
19
Let x(l) = 19940*l + 39570. Give x(-2).
-310
Let x(v) = -v**2 + 577*v + 52512. What is x(-79)?
688
Let r(y) = y**3 + 25*y**2 + 44*y + 899. Determine r(-25).
-201
Let o(x) = 68*x + 779. What is o(2)?
915
Let l(s) = 59124*s - 177423. Give l(3).
-51
Let p(i) = -32245*i + 65420. Determine p(2).
930
Let u(x) = x**3 - 70*x**2 - 107*x + 34504. Determine u(63).
-20
Let t(q) = -12*q**3 - 494*q**2 + 432*q + 493. Determine t(-42).
-11
Let i(q) = -11524*q**2 - 921921*q - 71. What is i(-80)?
9
Let m(t) = 1031*t**2 + 76295*t + 139. Determine m(-74).
65
Let f(z) = 11*z**3 + 5*z**2 - 26*z - 161. Determine f(-5).
-1281
Let a(w) = 160*w - 3560. Calculate a(29).
1080
Let f(o) = 3*o - 66. Determine f(8).
-42
Let i(l) = -l**3 - 110*l**2 + 717*l + 1498. What is i(-116)?
-938
Let m(y) = 2*y**3 - 199*y**2 + 1209*y - 10. Determine m(93).
-10
Let m(j) = -2*j**2 - 148*j + 24761. Determine m(-154).
121
Let g(p) = -p**3 - 13*p**2 + 105*p + 367. Determine g(-12).
-1037
Let x(d) = -2834*d - 3001229. What is x(-1059)?
-23
Let i(v) = v**2 - 206*v - 22769. Give i(-79).
-254
Let g(a) = -a**2 + 92*a - 1807. Give g(17).
-532
Let c(z) = -1889*z - 816105. What is c(-432)?
-57
Let y(q) = q**3 + 23*q**2 + 108*q - 16. Calculate y(-16).
48
Let u(z) = 3*z**3 - 100*z**2 - 520*z + 307. Give u(38).
763
Let r(d) = 2*d**3 + 615*d**2 + 300*d - 1866. Calculate r(-307).
283
Let g(r) = -2*r**3 + 253*r**2 + 106*r + 2376. Give g(127).
-291
Let y(j) = 1219*j + 26587. Determine y(-20).
2207
Let m(i) = i**3 - 8*i**2 + 48*i - 215. Calculate m(4).
-87
Let w(a) = -2*a**3 - 339*a**2 + 176*a + 1280. Give w(-170).
260
Let y(q) = 21029*q - 2397297. Give y(114).
9
Let x(b) = -b**3 + 151*b**2 + 483*b + 65. Give x(-3).
2
Let k(s) = -s**3 + 20*s**2 - 680*s + 11434. Determine k(17).
741
Let q(v) = -130*v + 26510. What is q(204)?
-10
Let x(v) = -10188*v - 472. Calculate x(0).
-472
Let s(i) = -4*i**2 - 42554*i + 2610674. Determine s(61).
-4
Let g(p) = -1396*p**2 + 19540*p + 71. What is g(14)?
15
Let o(k) = 2155*k - 266420. Give o(124).
800
Let p(r) = -312*r - 18124. What is p(-62)?
1220
Let c(d) = -9328*d - 74581. Give c(-8).
43
Let f(m) = 10*m**2 + 101*m + 84. What is f(-12)?
312
Let r(d) = -47*d**2 + 7141*d + 538. What is r(152)?
82
Let v(k) = 58*k**2 - 1248*k - 68. Calculate v(21).
-698
Let i(k) = -k**2 + 69*k + 975. Determine i(-17).
-487
Let g(m) = m**3 + 56*m**2 + 132*m + 714. Give g(-54).
-582
Let g(v) = -16017*v - 4516792. Determine g(-282).
2
Let b(l) = -94*l**2 + 9982*l + 9984. Give b(-1).
-92
Let c(l) = -49*l**2 - 11713*l - 467. Determine c(-239).
11
Let c(s) = -668*s**2 + 57*s + 54. What is c(-1)?
-671
Let a(r) = 272*r**2 + 24240*r + 247. What is a(-89)?
-2601
Let f(x) = x**2 + 2753*x - 203410. Determine f(72).
-10
Let a(w) = -556964*w + 14. What is a(0)?
14
Let l(c) = -5114*c - 173573. Calculate l(-34).
303
Let n(o) = 1122*o + 49401. What is n(-44)?
33
Let g(o) = 2*o**2 + 126*o + 1944. Calculate g(-37).
20
Let k(h) = 11*h**3 - 38*h**2 - 22*h + 10. Determine k(6).
886
Let c(q) = 7801*q - 304199. Determine c(39).
40
Let a(z) = -52*z**2 + 1798*z - 1027. Give a(34).
-7
Let l(i) = 6*i**2 + 719*i + 18077. Determine l(-84).
17
Let q(a) = 145*a**2 - 1864*a + 5678. Determine q(5).
-17
Let k(l) = -808*l**2 - 71*l - 175. Give k(-1).
-912
Let t(v) = v**3 + 455*v**2 + 17715*v - 449. Calculate t(-412).
-37
Let n(h) = -10*h**3 + 119*h**2 - 367*h + 154. Calculate n(7).
-14
Let i(c) = -4*c**3 - 2911*c**2 - 13743*c - 4332. Give i(-723).
6
Let f(l) = -9*l**2 - 24*l - 24. What is f(-4)?
-72
Let g(y) = -20*y**3 + 50*y**2 - 26*y + 135. Determine g(5).
-1245
Let j(w) = -20*w**2 - 17454*w - 12268. Give j(-872).
-60
Let v(l) = -686*l + 8316. Calculate v(12).
84
Let j(t) = -1372*t + 116. What is j(1)?
-1256
Let z(j) = -j**3 + 115*j**2 + 589*j + 1195. Give z(120).
-125
Let q(l) = -16*l**2 + 2088*l + 13220. Calculate q(-6).
116
Let d(s) = 9*s**2 - 839*s + 2645. Give d(90).
35
Let q(j) = -571*j - 13516. What is q(-17)?
-3809
Let g(h) = h**3 + 34*h**2 + 5*h - 71. Calculate g(-34).
-241
Let j(v) = -3500*v - 164519. Determine j(-47).
-19
Let s(a) = 24101*a + 554321. Determine s(-23).
-2
Let m(s) = -6*s**3 + 905*s**2 + 5581*s + 2. Give m(-6).
392
Let k(w) = w**3 + 101*w**2 + 411*w - 514. Determine k(1).
-1
Let k(q) = -q**3 - 25*q**2 + 250*q - 497. Determine k(5).
3
Let j(l) = -l**2 + 448*l - 11454. Calculate j(26).
-482
Let a(w) = -w**3 - 20*w**2 - 468*w - 5377. What is a(-13)?
-476
Let m(z) = -4967*z + 98575. Calculate m(20).
-765
Let q(c) = -c**3 - 56*c**2 - 111*c + 214. What is q(-54)?
376
Let u(x) = 22*x**2 - 48090*x + 48091. Calculate u(1).
23
Let l(d) = 2*d**3 - 81*d**2 - 68*d + 114. Calculate l(43).
6435
Let c(v) = 3595*v - 108292. Determine c(30).
-442
Let p(i) = -26*i**2 + 475*i + 300. Determine p(19).
-61
Let q(m) = 7*m**3 + 207*m**2 + 926*m - 237. Give q(-24).
3
Let h(p) = 19*p + 3479. Calculate h(-184).
-17
Let v(g) = g**3 + 11*g**2 + 7*g + 27. What is v(-13)?
-402
Let g(w) = 2186*w + 87416. Determine g(-40).
-24
Let g(k) = k**2 + 21929*k + 591616. Calculate g(-27).
262
Let h(q) = 38*q**3 + 34084*q**2 - 1791*q + 2728. Give h(-897).
37
Let k(z) = -z**2 - 1076*z - 108817. Determine k(-113).
2
Let r(c) = c**2 + 133*c - 1396. Calculate r(-143).
34
Let r(j) = j**3 - 4*j**2 + 15509*j - 77561. Determine r(5).
9
Let m(x) = 5*x**3 - 367*x**2 + 130*x + 1176. Give m(73).
8
Let l(d) = -487*d - 20448. Give l(-42).
6
Let s(j) = -387*j + 10144. Determine s(26).
82
Let s(a) = -a**3 + 47*a**2 + 69*a - 2894. Calculate s(47).
349
Let t(s) = s**3 + 9*s**2 - 68*s - 358. Give t(-15).
-688
Let p(w) = 1358*w - 36653. What is p(27)?
13
Let g(o) = -52984*o + 211938. Give g(4).
2
Let q(z) = -z**2 + 68889*z + 413372. Calculate q(-6).
2
Let u(b) = 2*b**2 - 1254*b - 174175. Determine u(-117).
-79
Let y(a) = -a**3 + 190*a**2 + 30578*a + 194. Calculate y(-104).
-14
Let r(k) = -k**2 - 146*k + 4683. What is r(-175)?
-392
Let b(l) = 3293*l + 26353. What is b(-8)?
9
Let i(y) = -y**2 - 44296*y - 2168097. Determine i(-49).
6
Let q(p) = p**2 + 212*p + 3892. Give q(-185).
-1103
Let x(z) = 131*z**2 + 77291*z + 602. What is x(-590)?
12
Let r(c) = 6*c**3 - 5*c**2 - 70*c + 27. Give r(6).
723
Let o(q) = 205*q + 17205. Calculate o(-84).
-15
Let m(y) = y**3 - 444*y**2 + 8044*y + 617. What is m(19)?
28
Let j(p) = 15742*p + 94498. Determine j(-6).
46
Let q(a) = -740*a**2 + 21469*a - 259. What is q(29)?
2
Let d(v) = 9*v**2 + 1377*v - 2803. What is d(-155)?
-13
Let x(u) = 252*u + 9524. Determine x(-53).
-3832
Let y(r) = -1244*r - 12775. What is y(-11)?
909
Let y(j) = -2*j**3 + 1111*j**2 + 5598*j - 35. What is y(-5)?
0
Let y(s) = -s**3 - 36*s**2 - 543*s - 5413. What is y(-23)?
199
Let t(n) = 331*n**2 + 3236*n - 739. What is t(-10)?
1
Let p(l) = 3*l**3 - 190*l**2 + 78*l - 350. Determine p(63).
595
Let w(a) = -246*a - 6167. Give w(-7).
-4445
Let b(o) = 8*o**2 - 431*o - 4381. Calculate b(-11).
1328
Let n(d) = -d**3 - 44*d**2 - 143*d - 588. Calculate n(-39).
-2616
Let a(n) = 397*n**3 + 15482*n**2 - 45*n - 236. Calculate a(-39).
-2
Let t(w) = -341*w**2 + 22161*w + 264. What is t(65)?
4
Let q(i) = -612*i**3 + 137*i**2 - 138*i + 3. What is q(1)?
-610
Let m(v) = -4569*v - 45632. Determine m(-10).
58
Let y(a) = 881*a + 2820. What is y(-5)?
-1585
Let o(z) = 13*z**2 - 2158*z + 609. Give o(166).
609
Let a(y) = y**3 + 40*y**2 - 20*y - 2814. Determine a(-39).
-513
Let f(h) = 17*h**2 + 4472*h - 26813. Give f(6).
631
Let r(m) = -98968*m - 692778. Calculate r(-7).
-2
Let y(z) = 213*z - 8055. Give y(61).
4938
Let i(j) = 9*j**2 - 1108*j + 33981. What is i(65)?
-14
Let r(b) = 6*b**2 + 171*b - 8255. Determine r(-54).
7
Let r(l) = -l**3 + l**2 + 139*l + 659. What is r(-6)?
77
Let x(r) = 969*r + 324681. What is x(-335)?
66
Let y(c) = -2657785*c - 23920058. What is y(-9)?
7
Let g(w) = -w**2 - 61*w + 3239. Calculate g(45).
-1531
Let b(h) = 15*h**2 - 7817*h - 104155. Calculate b(-13).
1
Let k(u) = -1111*u - 33226. Calculate k(-30).
104
Let s(h) = -490*h - 6864. Calculate s(-1